s digit of k?
1
Let j be (6 + -1 - -2)*-4. Let c be (-21)/j + 6/(-8). What is the units digit of -13 + 10 - (c + -31)?
8
Let l(b) = -7*b**2 - b - 389. Let q(t) = 30*t**2 + 4*t + 1556. Let z(u) = -9*l(u) - 2*q(u). What is the tens digit of z(0)?
8
Let w(r) = -19*r + 7. Let p(o) be the third derivative of -o**6/120 + 19*o**5/60 - o**4/24 + 5*o**3/2 + 15*o**2. Let f be p(19). What is the tens digit of w(f)?
8
Let v(r) = 47*r - 5*r**2 - 22 - 2*r**2 + 4*r**2 + 40*r - 26*r. What is the units digit of v(15)?
8
Let u(r) = 1568*r**2 + 1. Let t be ((-30)/(-18) - 2)/((-3)/(-9)). What is the units digit of u(t)?
9
Let p = 37 + -31. Let f(g) = 3*g - 16. Let d be f(p). Suppose -d*b - b = -273. What is the tens digit of b?
9
Let h = 34731 + -20169. What is the ten thousands digit of h?
1
Let y = 378 - 148. Suppose -9*s + y = -4*s. Suppose 3*t + 3*i - s = 11, 78 = 4*t + 2*i. What is the units digit of t?
0
Let i = 37 - -476. What is the units digit of (i - -2) + -7 + 3?
1
Let r(u) = -u**3 - 7*u**2 - 9*u - 13. Let b be r(-6). Suppose 0 = 3*m - b*m, -2*q = 4*m - 570. What is the hundreds digit of q?
2
Suppose 397 = -4*d + 577. Suppose 40 = -d*q + 55*q. What is the units digit of q?
4
Suppose 0 = -4*k - p - 61, 28 = -2*k - 2*p + 4*p. Let h be (2 - (-110)/k)*-12. Let a = h + -41. What is the units digit of a?
3
Suppose -26*z - 74629 + 495943 = 60*z. What is the tens digit of z?
9
Let z(v) = -5*v**3 - 5*v**2 - 12*v - 4. Let t(w) = w**3 + 1. Let r(h) = -6*t(h) - z(h). Let d be r(6). What is the tens digit of 1049/5 + d/170?
1
Suppose -678246 = -70*y - y + 915704. What is the tens digit of y?
5
What is the ten thousands digit of 10/4*((-4)/15)/(27/(-867186))?
2
Let c(k) = k**3 - 2*k**2 + 2*k - 1. Let v be c(2). What is the tens digit of v*(-5)/(-30)*36?
1
Let k(g) = 14*g**3 + 6*g**2 - 9*g + 3. Let z be k(2). Let j = -116 + z. Suppose 0 = -j*b + 5*a + 20 + 1370, -4*b + 1128 = 4*a. What is the tens digit of b?
8
Suppose 0 = -11*m + 14*m + o - 42, -5*o = -5*m + 50. Let i(n) = 54*n - 94. What is the units digit of i(m)?
8
Let z(i) = -5*i - 2. Let b be z(-1). Suppose b*q - 18 = 1296. Suppose 115 = -3*v + 5*r + q, -5*r - 212 = -2*v. What is the hundreds digit of v?
1
Suppose -14*c + 7 - 21 = 0. What is the units digit of 316*(c + -4 - -6)?
6
Let q(d) be the first derivative of -d**3/3 + d**2/2 - 20*d + 16. Let o(x) = 2*x**2 - 2*x + 41. Let r(b) = -4*o(b) - 9*q(b). What is the units digit of r(7)?
8
Let d(j) = -3*j - 70. Let a be d(-38). Suppose -40*m - 800 = -a*m. What is the tens digit of m?
0
Let i = 10 - 10. Suppose i = -3*c + 10*c - 917. What is the tens digit of c?
3
Let y(u) = 4*u**3 - 2*u**2 - u + 2. Let q be y(1). Suppose 4*j - 156 = -3*f, -195 = -7*j + 2*j - q*f. What is the units digit of (-22)/(-3 - j/(-15))?
5
Let s = -21 + 5. Let v(o) = 15*o**2 + 12 + 3*o - 14*o**3 - 15*o**3 + 30*o**3 - 21*o. What is the units digit of v(s)?
4
Let f = -65637 - -138231. What is the tens digit of f?
9
Let q(g) = -39*g - 2. Let y be (-14)/(-63) + 129/27. Suppose -12 = -y*r - 27. What is the hundreds digit of q(r)?
1
Let l(w) = 47*w + 24*w + 74*w - 35 - 46 + 69*w. What is the units digit of l(5)?
9
Let m = 59410 - 20159. What is the tens digit of m?
5
Suppose 7*j - 27 - 71 = 0. What is the hundreds digit of (-44)/j*(-154)/2?
2
Let u(s) = -2*s + 6. Let a be u(6). Let n be (a/(-4))/((-27)/(-3708)). Let x = n - 82. What is the hundreds digit of x?
1
Let g = -6532 - -11153. What is the hundreds digit of g?
6
Let b(c) = 10*c**3 - 39*c**2 + 12*c + 15. Let w(t) = -5*t**3 + 20*t**2 - 6*t - 8. Let d(y) = 3*b(y) + 5*w(y). What is the units digit of d(4)?
7
What is the thousands digit of 32684/(((-65)/325)/(1/(-20)))?
8
Suppose -1962 = 2*i - 2*p, -4*i - 8*p + 6*p = 3894. Let n = -569 - i. What is the hundreds digit of n?
4
Suppose -5*q - 2*r + 831 = 0, 3*r - 533 = -3*q - 38. Suppose 26*a + 678 = -1402. Let z = q + a. What is the tens digit of z?
8
Let p be (2/3)/((-1)/(-18)*-3). Let z be 14/(-14) - (p - -1). Let l(g) = 26*g - 11. What is the tens digit of l(z)?
4
Let x = 2004 - -256. What is the thousands digit of x?
2
Suppose -2*m + 121*m = -131*m + 3831500. What is the units digit of m?
6
Let c be -1 - -21*(3 - (-8)/(-3)). Suppose -1462 = c*s - 4486. Suppose 0 = -4*q + f + f + s, -q = 3*f - 119. What is the hundreds digit of q?
1
Suppose 41*t - 20*t = 210. Suppose -t*p + 4080 = -4*p. What is the tens digit of p?
8
Suppose 2602*c - 2508*c = 4341954. What is the units digit of c?
1
Suppose -3*o = 4*p - 20823, 4*p = -o + 1502 + 5447. What is the hundreds digit of o?
9
Let t(j) = -6*j - 33. Let z be t(-5). Let l be (-42)/(-1)*z/12*-2. Suppose 3*y = y + 3*m + l, 15 = 3*m. What is the units digit of y?
8
Let r(o) = 3*o**2 + 15*o - 14. Let b(w) = -6*w**2 - 30*w + 28. Let f(i) = 2*b(i) + 5*r(i). What is the units digit of f(-13)?
8
Suppose -16*i - 12348 = -42*i + 14*i. What is the tens digit of i?
2
Suppose 8*g - 676 = -996. Suppose -2*s + 4*d = -166, 2*d + 225 + 214 = 5*s. Let m = s + g. What is the tens digit of m?
4
Suppose -8*j + 19355 = -629. Suppose -4*k = -1634 - j. What is the units digit of k?
3
Let k(q) = 300*q**3 - 10*q**2 + 37*q - 9. What is the ten thousands digit of k(4)?
1
Let v(b) be the first derivative of -b**3/3 - 7*b**2/2 + 34*b + 10. What is the units digit of v(-9)?
6
Suppose -14*f + 17*f = 1500. Let q = -322 + f. What is the hundreds digit of q?
1
Let u = 186 - 179. What is the tens digit of (-2)/4 - (u - (-345)/(-10))?
2
Suppose 2*q - 8 = 2*a, 4*a - 5*q = -13 - 7. Suppose 3*k + 2*g - 3228 = a, 4*k + g - 4293 = 2*g. What is the units digit of k?
4
Let w(q) = -101*q + 1454. What is the tens digit of w(-7)?
6
Suppose -5*x + 5*m - 10 = 0, -3*m + 0*m = -x - 12. Suppose -x*n - n + 28 = 0. Suppose 206 = n*w - 172. What is the units digit of w?
4
Suppose 0 = 3*r + 2*r + 235. Suppose -13*t + 8 = 8. Let u = t - r. What is the units digit of u?
7
Suppose 46*v + 28*v - 3242422 - 610240 = 0. What is the ten thousands digit of v?
5
Let i(n) = n**3 + 13*n**2 - 7*n + 18. Let o be i(-13). Let t = -51 - -30. Let j = o + t. What is the tens digit of j?
8
What is the thousands digit of 15/(-6)*(-25)/((-1000)/(-157776))?
9
What is the units digit of (4*3/6)/(17/(-2983228)*-19)?
2
Let q(a) = -141*a**3 - 2*a**2 + 1. Let s = 37 - 42. Let m(o) = -2*o**2 - 10*o - 1. Let j be m(s). What is the units digit of q(j)?
0
Suppose -4*i + 2*n + 46 = 0, -n - 20 = 3*n. Suppose 0 = -5*k + 16 + i. Suppose 0 = 5*a + 3*y - 0*y - 604, 461 = 4*a - k*y. What is the hundreds digit of a?
1
Suppose 4*q - 11 - 1 = 0. Suppose -i - 5*k = 24, -q*i + 3*k = i + 4. What is the units digit of -1 + (i - -8) - -18?
1
Suppose 0 = -11*p + 15 + 29. Suppose -t + 4*t = 2*t. Suppose t = -o - 2*h + 5*h + 55, -p*o + 175 = 3*h. What is the units digit of o?
6
Suppose -16*t + 88 = -12*t. Let b = -20 - t. What is the units digit of ((-4)/(-6) + 343/b)*-10?
5
Let k(x) = -x**2 + 11*x - 5. Let u be k(20). Let g = u - -205. What is the units digit of g?
0
Let j be (87/58)/(6/16). Suppose 7*s - 5*u + 20600 = 4*s, 0 = -4*u + j. What is the tens digit of 2/12 + (s/30)/(-1)?
2
Let i(w) be the first derivative of -11*w**2/2 - 36*w - 1. Suppose 27*p + 1003 = 625. What is the tens digit of i(p)?
1
What is the thousands digit of -9 + 23 - (-23 + -11501)?
1
Suppose 12 = p - 4*z, -2*p = -9*z + 4*z - 21. Suppose -2345 = x - p*x. Suppose -10*q = -5*q - x. What is the units digit of q?
7
Suppose 374 = 11*f + 55. Let u = 51 - f. What is the units digit of u?
2
Let a be 350/85 - (-4)/(-34). Suppose i + 274 = 2*i - a*s, -509 = -2*i - 5*s. Suppose -v + i = 3*u, -u = -3*v - 0*v - 94. What is the tens digit of u?
8
Let u(y) = -30 + 8 + y - 27*y. What is the hundreds digit of u(-5)?
1
Suppose -g + 61 = 2*x, 7*g - 5*g + 102 = 3*x. Let r be (-4)/(-50)*5 - x/(-20). Suppose o + 14 = r*o + 3*m, 4*o - m - 30 = 0. What is the units digit of o?
8
Let j = -53 + 57. Suppose 2*l = j*v + 4, 14 = 3*l - 0*v + 2*v. Suppose -g = l*g - 210. What is the tens digit of g?
4
Suppose -9*o + 310 = -4*o - 5*x, 0 = 4*o - 5*x - 247. Suppose -o*i + 38396 = -5*i. What is the tens digit of i?
6
Suppose 2080*f - 2103*f + 265167 = 0. What is the hundreds digit of f?
5
Suppose 1179 + 261 = 6*u. Suppose -15*w - u = -10*w. Let y = w + 87. What is the tens digit of y?
3
Let k(f) = -f**3 - 28*